{"id":378,"date":"2025-12-14T21:19:20","date_gmt":"2025-12-14T21:19:20","guid":{"rendered":"https:\/\/sanjuanpabloii.archimadrid.es\/?page_id=378"},"modified":"2026-02-23T21:10:02","modified_gmt":"2026-02-23T20:10:02","slug":"blog","status":"publish","type":"page","link":"https:\/\/sanjuanpabloii.archimadrid.es\/?page_id=378","title":{"rendered":"Horarios"},"content":{"rendered":"<p>[et_pb_section fb_built=\u00bb1&#8243; admin_label=\u00bbHeader\u00bb _builder_version=\u00bb4.27.5&#8243; _module_preset=\u00bbdefault\u00bb background_color=\u00bb#CCE3FF\u00bb collapsed=\u00bbon\u00bb global_colors_info=\u00bb{}\u00bb][et_pb_row _builder_version=\u00bb4.27.4&#8243; _module_preset=\u00bbdefault\u00bb global_colors_info=\u00bb{}\u00bb custom_padding=\u00bb|0px||||\u00bb][et_pb_column type=\u00bb4_4&#8243; _builder_version=\u00bb4.27.4&#8243; _module_preset=\u00bbdefault\u00bb global_colors_info=\u00bb{}\u00bb][et_pb_blurb title=\u00bbHORARIOS\u00bb _builder_version=\u00bb4.27.5&#8243; _module_preset=\u00bbdefault\u00bb header_font=\u00bbMontserrat||||||||\u00bb header_font_size=\u00bb44px\u00bb body_font=\u00bbMontserrat|600|||||||\u00bb body_font_size=\u00bb15px\u00bb hover_enabled=\u00bb0&#8243; global_colors_info=\u00bb{}\u00bb sticky_enabled=\u00bb0&#8243;]<\/p>\n<p style=\"text-align: justify;\">Hasta que la construcci\u00f3n del templo sea una realidad, nuestros horarios ser\u00e1n los mismos que nuestra querida <span style=\"color: #0000ff;\"><a href=\"https:\/\/parroquiacarcavas.archimadrid.es\/index.php\/horarios\/\" style=\"color: #0000ff;\">Parroquia de San Antonio en el barrio de las Carcavas<\/a><\/span>, en la avenida de Maruja Mallo, 15. La Eucaristia que oficia el p\u00e1rroco de San Juan Pablo II es los domingos a las 18:30<\/p>\n<p>[\/et_pb_blurb][et_pb_blurb title=\u00bbCONTACTO\u00bb _builder_version=\u00bb4.27.5&#8243; _module_preset=\u00bbdefault\u00bb header_font=\u00bbMontserrat||||||||\u00bb header_font_size=\u00bb44px\u00bb body_font=\u00bbMontserrat|600|||||||\u00bb body_font_size=\u00bb15px\u00bb hover_enabled=\u00bb0&#8243; global_colors_info=\u00bb{}\u00bb sticky_enabled=\u00bb0&#8243; custom_padding=\u00bb|0px||||\u00bb body_text_align=\u00bbleft\u00bb]<\/p>\n<p style=\"text-align: justify;\">Puedes unirte a nuestra comunidad haciendo click en el icono de whatsapp anterior, enviar comentarios, sugerencias, pedir informaci\u00f3n en el siguiente <strong><span style=\"color: #0000ff;\"><a href=\"https:\/\/sanjuanpabloii.archimadrid.es\/?page_id=380\" style=\"color: #0000ff;\">enlace,<\/a><\/span><\/strong><span style=\"color: #0000ff;\"><span style=\"color: #000000;\"> o contactarnos por <\/span><\/span><span style=\"color: #0000ff;\"><span style=\"color: #000000;\">telefono <\/span>681 236 651 <span style=\"color: #000000;\">o por email\u00a0 \u00a0 \u00a0 \u00a0 \u00a0 \u00a0\u00a0<\/span>\u00a0 sanjuanpabloii@archidiocesis.madrid<\/span><\/p>\n<p>[\/et_pb_blurb][\/et_pb_column][\/et_pb_row][et_pb_row column_structure=\u00bb1_2,1_2&#8243; _builder_version=\u00bb4.27.5&#8243; _module_preset=\u00bbdefault\u00bb global_colors_info=\u00bb{}\u00bb][et_pb_column type=\u00bb1_2&#8243; _builder_version=\u00bb4.27.5&#8243; _module_preset=\u00bbdefault\u00bb global_colors_info=\u00bb{}\u00bb][et_pb_image src=\u00bbhttps:\/\/sanjuanpabloii.archimadrid.es\/wp-content\/uploads\/2026\/01\/WhatsApp_CC.png\u00bb title_text=\u00bbWhatsApp_CC\u00bb url=\u00bbhttps:\/\/chat.whatsapp.com\/F7nutWnfiAOJSLVuc1HL3q\u00bb _builder_version=\u00bb4.27.5&#8243; _module_preset=\u00bbdefault\u00bb width=\u00bb54%\u00bb max_width=\u00bb76%\u00bb max_height=\u00bb1000px\u00bb global_colors_info=\u00bb{}\u00bb][\/et_pb_image][et_pb_text _builder_version=\u00bb4.27.5&#8243; _module_preset=\u00bbdefault\u00bb global_colors_info=\u00bb{}\u00bb]<\/p>\n<p style=\"text-align: justify;\"><strong><span>Si quieres ser informado de todo lo que ocurre en la parroquia, puedes unirte <span style=\"color: #0000ff;\">al\u00a0<\/span><\/span><span style=\"color: #0000ff;\">grupo de WhatsApp en el que \u00fanicamente los sacerdotes est\u00e1n habilitados para mandar mensajes. Es por ello que no es el t\u00edpico grupo en el que se reciben constantemente mensajes de todos los miembros.<\/span><span>\u00a0Solo se recibir\u00e1n las informaciones necesarias e importantes. Basta con hacer click en el icono de WhatsApp y autom\u00e1ticamente, despu\u00e9s de dar tu consentimiento, estar\u00e1s dentro.<\/span><\/strong><\/p>\n<p>[\/et_pb_text][\/et_pb_column][et_pb_column type=\u00bb1_2&#8243; _builder_version=\u00bb4.27.5&#8243; _module_preset=\u00bbdefault\u00bb global_colors_info=\u00bb{}\u00bb][\/et_pb_column][\/et_pb_row][\/et_pb_section]<\/p>\n","protected":false},"excerpt":{"rendered":"<p>Hasta que la construcci\u00f3n del templo sea una realidad, nuestros horarios ser\u00e1n los mismos que nuestra querida Parroquia de San Antonio en el barrio de las Carcavas, en la avenida de Maruja Mallo, 15. La Eucaristia que oficia el p\u00e1rroco de San Juan Pablo II es los domingos a las 18:30Puedes unirte a nuestra comunidad [&hellip;]<\/p>\n","protected":false},"author":1,"featured_media":0,"parent":0,"menu_order":0,"comment_status":"closed","ping_status":"closed","template":"","meta":{"_acf_changed":false,"_et_pb_use_builder":"on","_et_pb_old_content":"","_et_gb_content_width":"","footnotes":""},"class_list":["post-378","page","type-page","status-publish","hentry"],"acf":[],"jetpack_sharing_enabled":true,"_links":{"self":[{"href":"https:\/\/sanjuanpabloii.archimadrid.es\/index.php?rest_route=\/wp\/v2\/pages\/378","targetHints":{"allow":["GET"]}}],"collection":[{"href":"https:\/\/sanjuanpabloii.archimadrid.es\/index.php?rest_route=\/wp\/v2\/pages"}],"about":[{"href":"https:\/\/sanjuanpabloii.archimadrid.es\/index.php?rest_route=\/wp\/v2\/types\/page"}],"author":[{"embeddable":true,"href":"https:\/\/sanjuanpabloii.archimadrid.es\/index.php?rest_route=\/wp\/v2\/users\/1"}],"replies":[{"embeddable":true,"href":"https:\/\/sanjuanpabloii.archimadrid.es\/index.php?rest_route=%2Fwp%2Fv2%2Fcomments&post=378"}],"version-history":[{"count":43,"href":"https:\/\/sanjuanpabloii.archimadrid.es\/index.php?rest_route=\/wp\/v2\/pages\/378\/revisions"}],"predecessor-version":[{"id":1050,"href":"https:\/\/sanjuanpabloii.archimadrid.es\/index.php?rest_route=\/wp\/v2\/pages\/378\/revisions\/1050"}],"wp:attachment":[{"href":"https:\/\/sanjuanpabloii.archimadrid.es\/index.php?rest_route=%2Fwp%2Fv2%2Fmedia&parent=378"}],"curies":[{"name":"wp","href":"https:\/\/api.w.org\/{rel}","templated":true}]}}

<p>[et_pb_section fb_built=»1&#8243; admin_label=»Header» _builder_version=»4.27.5&#8243; _module_preset=»default» background_color=»#CCE3FF» collapsed=»on» global_colors_info=»{}»][et_pb_row _builder_version=»4.27.4&#8243; _module_preset=»default» global_colors_info=»{}» custom_padding=»|0px||||»][et_pb_column type=»4_4&#8243; _builder_version=»4.27.4&#8243; _module_preset=»default» global_colors_info=»{}»][et_pb_blurb title=»HORARIOS» _builder_version=»4.27.5&#8243; _module_preset=»default» header_font=»Montserrat||||||||» header_font_size=»44px» body_font=»Montserrat|600|||||||» body_font_size=»15px» hover_enabled=»0&#8243; global_colors_info=»{}» sticky_enabled=»0&#8243;]</p>
<p style="text-align: justify;">Hasta que la construcción del templo sea una realidad, nuestros horarios serán los mismos que nuestra querida <span style="color: #0000ff;"><a href="https://parroquiacarcavas.archimadrid.es/index.php/horarios/" style="color: #0000ff;">Parroquia de San Antonio en el barrio de las Carcavas</a></span>, en la avenida de Maruja Mallo, 15. La Eucaristia que oficia el párroco de San Juan Pablo II es los domingos a las 18:30</p>
<p>[/et_pb_blurb][et_pb_blurb title=»CONTACTO» _builder_version=»4.27.5&#8243; _module_preset=»default» header_font=»Montserrat||||||||» header_font_size=»44px» body_font=»Montserrat|600|||||||» body_font_size=»15px» hover_enabled=»0&#8243; global_colors_info=»{}» sticky_enabled=»0&#8243; custom_padding=»|0px||||» body_text_align=»left»]</p>
<p style="text-align: justify;">Puedes unirte a nuestra comunidad haciendo click en el icono de whatsapp anterior, enviar comentarios, sugerencias, pedir información en el siguiente <strong><span style="color: #0000ff;"><a href="https://sanjuanpabloii.archimadrid.es/?page_id=380" style="color: #0000ff;">enlace,</a></span></strong><span style="color: #0000ff;"><span style="color: #000000;"> o contactarnos por </span></span><span style="color: #0000ff;"><span style="color: #000000;">telefono </span>681 236 651 <span style="color: #000000;">o por email            </span>  sanjuanpabloii@archidiocesis.madrid</span></p>
<p>[/et_pb_blurb][/et_pb_column][/et_pb_row][et_pb_row column_structure=»1_2,1_2&#8243; _builder_version=»4.27.5&#8243; _module_preset=»default» global_colors_info=»{}»][et_pb_column type=»1_2&#8243; _builder_version=»4.27.5&#8243; _module_preset=»default» global_colors_info=»{}»][et_pb_image src=»https://sanjuanpabloii.archimadrid.es/wp-content/uploads/2026/01/WhatsApp_CC.png» title_text=»WhatsApp_CC» url=»https://chat.whatsapp.com/F7nutWnfiAOJSLVuc1HL3q» _builder_version=»4.27.5&#8243; _module_preset=»default» width=»54%» max_width=»76%» max_height=»1000px» global_colors_info=»{}»][/et_pb_image][et_pb_text _builder_version=»4.27.5&#8243; _module_preset=»default» global_colors_info=»{}»]</p>
<p style="text-align: justify;"><strong><span>Si quieres ser informado de todo lo que ocurre en la parroquia, puedes unirte <span style="color: #0000ff;">al </span></span><span style="color: #0000ff;">grupo de WhatsApp en el que únicamente los sacerdotes están habilitados para mandar mensajes. Es por ello que no es el típico grupo en el que se reciben constantemente mensajes de todos los miembros.</span><span> Solo se recibirán las informaciones necesarias e importantes. Basta con hacer click en el icono de WhatsApp y automáticamente, después de dar tu consentimiento, estarás dentro.</span></strong></p>
<p>[/et_pb_text][/et_pb_column][et_pb_column type=»1_2&#8243; _builder_version=»4.27.5&#8243; _module_preset=»default» global_colors_info=»{}»][/et_pb_column][/et_pb_row][/et_pb_section]</p>

<p>Hasta que la construcción del templo sea una realidad, nuestros horarios serán los mismos que nuestra querida Parroquia de San Antonio en el barrio de las Carcavas, en la avenida de Maruja Mallo, 15. La Eucaristia que oficia el párroco de San Juan Pablo II es los domingos a las 18:30Puedes unirte a nuestra comunidad [&hellip;]</p>
